{"id":174,"date":"2019-06-27T18:40:20","date_gmt":"2019-06-27T18:40:20","guid":{"rendered":"http:\/\/pzw-szczawnica.pl\/?page_id=174"},"modified":"2020-02-10T17:45:06","modified_gmt":"2020-02-10T17:45:06","slug":"wyniki-gruntowych-mistrzostw-kola","status":"publish","type":"page","link":"https:\/\/pzw-szczawnica.pl\/index.php\/archiwum\/2019-2\/wyniki-gruntowych-mistrzostw-kola\/","title":{"rendered":"Wyniki Gruntowych Mistrzostw Ko\u0142a"},"content":{"rendered":"<p>23 czerwca 2019 na Stawach Ko\u0142a nr 33 w Starym S\u0105czu odby\u0142y si\u0119 Gruntowe Mistrzostwa Ko\u0142a.<\/p>\n<p><img loading=\"lazy\" decoding=\"async\" class=\"alignnone wp-image-175 size-full\" src=\"https:\/\/pzw-szczawnica.pl\/wp-content\/uploads\/2019\/06\/20190623_162501.jpg\" alt=\"\" width=\"2560\" height=\"1440\" srcset=\"https:\/\/pzw-szczawnica.pl\/wp-content\/uploads\/2019\/06\/20190623_162501.jpg 2560w, https:\/\/pzw-szczawnica.pl\/wp-content\/uploads\/2019\/06\/20190623_162501-300x169.jpg 300w, https:\/\/pzw-szczawnica.pl\/wp-content\/uploads\/2019\/06\/20190623_162501-768x432.jpg 768w, https:\/\/pzw-szczawnica.pl\/wp-content\/uploads\/2019\/06\/20190623_162501-1024x576.jpg 1024w, https:\/\/pzw-szczawnica.pl\/wp-content\/uploads\/2019\/06\/20190623_162501-624x351.jpg 624w\" sizes=\"auto, (max-width: 2560px) 100vw, 2560px\" \/><\/p>\n<p>Zawody rozpocz\u0119\u0142y si\u0119 o godzinie \u00f3smej rano. Po wylosowaniu stanowisk, w\u0119dkarze rozpocz\u0119li swoje zmagania. Pogoda dopisywa\u0142a i ryby te\u017c &#8211; w zale\u017cno\u015bci od miejsca. Na stanowisku numer 3 ryb by\u0142o, a\u017c nadto i kolega Marek nie m\u00f3g\u0142 nad\u0105\u017cy\u0107. \u0141owienie by\u0142o dozwolone na dwie w\u0119dki. Raz po raz s\u0142ycha\u0107 by\u0142o d\u017awi\u0119k sygnalizator\u00f3w. Ryby kt\u00f3re najcz\u0119\u015bciej by\u0142y wyci\u0105gane z wody to jesiotry, karpie, leszcze i p\u0142otki.<\/p>\n<p><img loading=\"lazy\" decoding=\"async\" class=\"wp-image-181 size-full\" src=\"https:\/\/pzw-szczawnica.pl\/wp-content\/uploads\/2019\/06\/IMG_20190623_154650.jpg\" alt=\"\" width=\"3264\" height=\"2448\" srcset=\"https:\/\/pzw-szczawnica.pl\/wp-content\/uploads\/2019\/06\/IMG_20190623_154650.jpg 3264w, https:\/\/pzw-szczawnica.pl\/wp-content\/uploads\/2019\/06\/IMG_20190623_154650-300x225.jpg 300w, https:\/\/pzw-szczawnica.pl\/wp-content\/uploads\/2019\/06\/IMG_20190623_154650-768x576.jpg 768w, https:\/\/pzw-szczawnica.pl\/wp-content\/uploads\/2019\/06\/IMG_20190623_154650-1024x768.jpg 1024w, https:\/\/pzw-szczawnica.pl\/wp-content\/uploads\/2019\/06\/IMG_20190623_154650-624x468.jpg 624w\" sizes=\"auto, (max-width: 3264px) 100vw, 3264px\" \/><\/p>\n<p><img loading=\"lazy\" decoding=\"async\" class=\"wp-image-179 size-full\" src=\"https:\/\/pzw-szczawnica.pl\/wp-content\/uploads\/2019\/06\/IMG_20190623_154410.jpg\" alt=\"\" width=\"3264\" height=\"2448\" srcset=\"https:\/\/pzw-szczawnica.pl\/wp-content\/uploads\/2019\/06\/IMG_20190623_154410.jpg 3264w, https:\/\/pzw-szczawnica.pl\/wp-content\/uploads\/2019\/06\/IMG_20190623_154410-300x225.jpg 300w, https:\/\/pzw-szczawnica.pl\/wp-content\/uploads\/2019\/06\/IMG_20190623_154410-768x576.jpg 768w, https:\/\/pzw-szczawnica.pl\/wp-content\/uploads\/2019\/06\/IMG_20190623_154410-1024x768.jpg 1024w, https:\/\/pzw-szczawnica.pl\/wp-content\/uploads\/2019\/06\/IMG_20190623_154410-624x468.jpg 624w\" sizes=\"auto, (max-width: 3264px) 100vw, 3264px\" \/><\/p>\n<p><img loading=\"lazy\" decoding=\"async\" class=\"wp-image-180 size-full\" src=\"https:\/\/pzw-szczawnica.pl\/wp-content\/uploads\/2019\/06\/IMG_20190623_154548.jpg\" alt=\"\" width=\"3264\" height=\"2448\" srcset=\"https:\/\/pzw-szczawnica.pl\/wp-content\/uploads\/2019\/06\/IMG_20190623_154548.jpg 3264w, https:\/\/pzw-szczawnica.pl\/wp-content\/uploads\/2019\/06\/IMG_20190623_154548-300x225.jpg 300w, https:\/\/pzw-szczawnica.pl\/wp-content\/uploads\/2019\/06\/IMG_20190623_154548-768x576.jpg 768w, https:\/\/pzw-szczawnica.pl\/wp-content\/uploads\/2019\/06\/IMG_20190623_154548-1024x768.jpg 1024w, https:\/\/pzw-szczawnica.pl\/wp-content\/uploads\/2019\/06\/IMG_20190623_154548-624x468.jpg 624w\" sizes=\"auto, (max-width: 3264px) 100vw, 3264px\" \/><\/p>\n<p><img loading=\"lazy\" decoding=\"async\" class=\"alignnone wp-image-176 size-full\" src=\"https:\/\/pzw-szczawnica.pl\/wp-content\/uploads\/2019\/06\/20190623_161818.jpg\" alt=\"\" width=\"2560\" height=\"1440\" srcset=\"https:\/\/pzw-szczawnica.pl\/wp-content\/uploads\/2019\/06\/20190623_161818.jpg 2560w, https:\/\/pzw-szczawnica.pl\/wp-content\/uploads\/2019\/06\/20190623_161818-300x169.jpg 300w, https:\/\/pzw-szczawnica.pl\/wp-content\/uploads\/2019\/06\/20190623_161818-768x432.jpg 768w, https:\/\/pzw-szczawnica.pl\/wp-content\/uploads\/2019\/06\/20190623_161818-1024x576.jpg 1024w, https:\/\/pzw-szczawnica.pl\/wp-content\/uploads\/2019\/06\/20190623_161818-624x351.jpg 624w\" sizes=\"auto, (max-width: 2560px) 100vw, 2560px\" \/><\/p>\n<p><img loading=\"lazy\" decoding=\"async\" class=\"alignnone wp-image-177 size-full\" src=\"https:\/\/pzw-szczawnica.pl\/wp-content\/uploads\/2019\/06\/65145239_3057979027560649_1996732692502151168_n.jpg\" alt=\"\" width=\"1548\" height=\"1161\" srcset=\"https:\/\/pzw-szczawnica.pl\/wp-content\/uploads\/2019\/06\/65145239_3057979027560649_1996732692502151168_n.jpg 1548w, https:\/\/pzw-szczawnica.pl\/wp-content\/uploads\/2019\/06\/65145239_3057979027560649_1996732692502151168_n-300x225.jpg 300w, https:\/\/pzw-szczawnica.pl\/wp-content\/uploads\/2019\/06\/65145239_3057979027560649_1996732692502151168_n-768x576.jpg 768w, https:\/\/pzw-szczawnica.pl\/wp-content\/uploads\/2019\/06\/65145239_3057979027560649_1996732692502151168_n-1024x768.jpg 1024w, https:\/\/pzw-szczawnica.pl\/wp-content\/uploads\/2019\/06\/65145239_3057979027560649_1996732692502151168_n-624x468.jpg 624w\" sizes=\"auto, (max-width: 1548px) 100vw, 1548px\" \/><\/p>\n<p><img loading=\"lazy\" decoding=\"async\" class=\"wp-image-178 size-full\" src=\"https:\/\/pzw-szczawnica.pl\/wp-content\/uploads\/2019\/06\/IMG_20190623_154835.jpg\" alt=\"\" width=\"3264\" height=\"2448\" srcset=\"https:\/\/pzw-szczawnica.pl\/wp-content\/uploads\/2019\/06\/IMG_20190623_154835.jpg 3264w, https:\/\/pzw-szczawnica.pl\/wp-content\/uploads\/2019\/06\/IMG_20190623_154835-300x225.jpg 300w, https:\/\/pzw-szczawnica.pl\/wp-content\/uploads\/2019\/06\/IMG_20190623_154835-768x576.jpg 768w, https:\/\/pzw-szczawnica.pl\/wp-content\/uploads\/2019\/06\/IMG_20190623_154835-1024x768.jpg 1024w, https:\/\/pzw-szczawnica.pl\/wp-content\/uploads\/2019\/06\/IMG_20190623_154835-624x468.jpg 624w\" sizes=\"auto, (max-width: 3264px) 100vw, 3264px\" \/><\/p>\n<p>Po zako\u0144czeniu zawod\u00f3w oraz posi\u0142ku nadszed\u0142 czas na wa\u017cenie ryb. Wszystkie ryby z\u0142owione na zawodach wr\u00f3ci\u0142y do wody. Jesiotry, kt\u00f3re zosta\u0142y z\u0142owione by\u0142y wypuszczane od razu.<\/p>\n<p><img loading=\"lazy\" decoding=\"async\" class=\"alignnone wp-image-182 size-full\" src=\"https:\/\/pzw-szczawnica.pl\/wp-content\/uploads\/2019\/06\/20190623_161904.jpg\" alt=\"\" width=\"2560\" height=\"1440\" srcset=\"https:\/\/pzw-szczawnica.pl\/wp-content\/uploads\/2019\/06\/20190623_161904.jpg 2560w, https:\/\/pzw-szczawnica.pl\/wp-content\/uploads\/2019\/06\/20190623_161904-300x169.jpg 300w, https:\/\/pzw-szczawnica.pl\/wp-content\/uploads\/2019\/06\/20190623_161904-768x432.jpg 768w, https:\/\/pzw-szczawnica.pl\/wp-content\/uploads\/2019\/06\/20190623_161904-1024x576.jpg 1024w, https:\/\/pzw-szczawnica.pl\/wp-content\/uploads\/2019\/06\/20190623_161904-624x351.jpg 624w\" sizes=\"auto, (max-width: 2560px) 100vw, 2560px\" \/> <img loading=\"lazy\" decoding=\"async\" class=\"alignnone wp-image-183 size-full\" src=\"https:\/\/pzw-szczawnica.pl\/wp-content\/uploads\/2019\/06\/20190623_162209.jpg\" alt=\"\" width=\"2560\" height=\"1440\" srcset=\"https:\/\/pzw-szczawnica.pl\/wp-content\/uploads\/2019\/06\/20190623_162209.jpg 2560w, https:\/\/pzw-szczawnica.pl\/wp-content\/uploads\/2019\/06\/20190623_162209-300x169.jpg 300w, https:\/\/pzw-szczawnica.pl\/wp-content\/uploads\/2019\/06\/20190623_162209-768x432.jpg 768w, https:\/\/pzw-szczawnica.pl\/wp-content\/uploads\/2019\/06\/20190623_162209-1024x576.jpg 1024w, https:\/\/pzw-szczawnica.pl\/wp-content\/uploads\/2019\/06\/20190623_162209-624x351.jpg 624w\" sizes=\"auto, (max-width: 2560px) 100vw, 2560px\" \/> <img loading=\"lazy\" decoding=\"async\" class=\"alignnone wp-image-184 size-full\" src=\"https:\/\/pzw-szczawnica.pl\/wp-content\/uploads\/2019\/06\/20190623_162059.jpg\" alt=\"\" width=\"2560\" height=\"1440\" srcset=\"https:\/\/pzw-szczawnica.pl\/wp-content\/uploads\/2019\/06\/20190623_162059.jpg 2560w, https:\/\/pzw-szczawnica.pl\/wp-content\/uploads\/2019\/06\/20190623_162059-300x169.jpg 300w, https:\/\/pzw-szczawnica.pl\/wp-content\/uploads\/2019\/06\/20190623_162059-768x432.jpg 768w, https:\/\/pzw-szczawnica.pl\/wp-content\/uploads\/2019\/06\/20190623_162059-1024x576.jpg 1024w, https:\/\/pzw-szczawnica.pl\/wp-content\/uploads\/2019\/06\/20190623_162059-624x351.jpg 624w\" sizes=\"auto, (max-width: 2560px) 100vw, 2560px\" \/><\/p>\n<p>Po nim pozosta\u0142o ju\u017c tylko policzenie punkt\u00f3w, og\u0142oszenie wynik\u00f3w zawod\u00f3w i wr\u0119czenie nagr\u00f3d.<\/p>\n<p><img loading=\"lazy\" decoding=\"async\" class=\"wp-image-185 size-full\" src=\"https:\/\/pzw-szczawnica.pl\/wp-content\/uploads\/2019\/06\/IMG_20190623_162555.jpg\" alt=\"\" width=\"3264\" height=\"2448\" srcset=\"https:\/\/pzw-szczawnica.pl\/wp-content\/uploads\/2019\/06\/IMG_20190623_162555.jpg 3264w, https:\/\/pzw-szczawnica.pl\/wp-content\/uploads\/2019\/06\/IMG_20190623_162555-300x225.jpg 300w, https:\/\/pzw-szczawnica.pl\/wp-content\/uploads\/2019\/06\/IMG_20190623_162555-768x576.jpg 768w, https:\/\/pzw-szczawnica.pl\/wp-content\/uploads\/2019\/06\/IMG_20190623_162555-1024x768.jpg 1024w, https:\/\/pzw-szczawnica.pl\/wp-content\/uploads\/2019\/06\/IMG_20190623_162555-624x468.jpg 624w\" sizes=\"auto, (max-width: 3264px) 100vw, 3264px\" \/><\/p>\n<p><img loading=\"lazy\" decoding=\"async\" class=\"alignnone wp-image-186 size-full\" src=\"https:\/\/pzw-szczawnica.pl\/wp-content\/uploads\/2019\/06\/20190623_162904.jpg\" alt=\"\" width=\"2560\" height=\"1440\" srcset=\"https:\/\/pzw-szczawnica.pl\/wp-content\/uploads\/2019\/06\/20190623_162904.jpg 2560w, https:\/\/pzw-szczawnica.pl\/wp-content\/uploads\/2019\/06\/20190623_162904-300x169.jpg 300w, https:\/\/pzw-szczawnica.pl\/wp-content\/uploads\/2019\/06\/20190623_162904-768x432.jpg 768w, https:\/\/pzw-szczawnica.pl\/wp-content\/uploads\/2019\/06\/20190623_162904-1024x576.jpg 1024w, https:\/\/pzw-szczawnica.pl\/wp-content\/uploads\/2019\/06\/20190623_162904-624x351.jpg 624w\" sizes=\"auto, (max-width: 2560px) 100vw, 2560px\" \/><\/p>\n<p>Oto wyniki:<\/p>\n<p>I miejsce &#8211; <strong>Marek Krupa<\/strong> 18 809 pkt<\/p>\n<p><img loading=\"lazy\" decoding=\"async\" class=\"alignnone wp-image-187 size-full\" src=\"https:\/\/pzw-szczawnica.pl\/wp-content\/uploads\/2019\/06\/20190623_163010.jpg\" alt=\"\" width=\"2560\" height=\"1440\" srcset=\"https:\/\/pzw-szczawnica.pl\/wp-content\/uploads\/2019\/06\/20190623_163010.jpg 2560w, https:\/\/pzw-szczawnica.pl\/wp-content\/uploads\/2019\/06\/20190623_163010-300x169.jpg 300w, https:\/\/pzw-szczawnica.pl\/wp-content\/uploads\/2019\/06\/20190623_163010-768x432.jpg 768w, https:\/\/pzw-szczawnica.pl\/wp-content\/uploads\/2019\/06\/20190623_163010-1024x576.jpg 1024w, https:\/\/pzw-szczawnica.pl\/wp-content\/uploads\/2019\/06\/20190623_163010-624x351.jpg 624w\" sizes=\"auto, (max-width: 2560px) 100vw, 2560px\" \/><\/p>\n<p>II miejsce &#8211; <strong>Pawe\u0142 Kaput<\/strong> 3940 pkt<\/p>\n<p><img loading=\"lazy\" decoding=\"async\" class=\"wp-image-188 size-full\" src=\"https:\/\/pzw-szczawnica.pl\/wp-content\/uploads\/2019\/06\/IMG_20190623_163024.jpg\" alt=\"\" width=\"2972\" height=\"2448\" srcset=\"https:\/\/pzw-szczawnica.pl\/wp-content\/uploads\/2019\/06\/IMG_20190623_163024.jpg 2972w, https:\/\/pzw-szczawnica.pl\/wp-content\/uploads\/2019\/06\/IMG_20190623_163024-300x247.jpg 300w, https:\/\/pzw-szczawnica.pl\/wp-content\/uploads\/2019\/06\/IMG_20190623_163024-768x633.jpg 768w, https:\/\/pzw-szczawnica.pl\/wp-content\/uploads\/2019\/06\/IMG_20190623_163024-1024x843.jpg 1024w, https:\/\/pzw-szczawnica.pl\/wp-content\/uploads\/2019\/06\/IMG_20190623_163024-624x514.jpg 624w\" sizes=\"auto, (max-width: 2972px) 100vw, 2972px\" \/><\/p>\n<p>III miejsce &#8211; <strong>Janusz Krupa<\/strong> 2900 pkt<\/p>\n<p><img loading=\"lazy\" decoding=\"async\" class=\"alignnone wp-image-190 size-full\" src=\"https:\/\/pzw-szczawnica.pl\/wp-content\/uploads\/2019\/06\/20190623_163036.jpg\" alt=\"\" width=\"2560\" height=\"1440\" srcset=\"https:\/\/pzw-szczawnica.pl\/wp-content\/uploads\/2019\/06\/20190623_163036.jpg 2560w, https:\/\/pzw-szczawnica.pl\/wp-content\/uploads\/2019\/06\/20190623_163036-300x169.jpg 300w, https:\/\/pzw-szczawnica.pl\/wp-content\/uploads\/2019\/06\/20190623_163036-768x432.jpg 768w, https:\/\/pzw-szczawnica.pl\/wp-content\/uploads\/2019\/06\/20190623_163036-1024x576.jpg 1024w, https:\/\/pzw-szczawnica.pl\/wp-content\/uploads\/2019\/06\/20190623_163036-624x351.jpg 624w\" sizes=\"auto, (max-width: 2560px) 100vw, 2560px\" \/><\/p>\n<p><img loading=\"lazy\" decoding=\"async\" class=\"alignnone wp-image-194 size-full\" src=\"https:\/\/pzw-szczawnica.pl\/wp-content\/uploads\/2019\/06\/20190623_163459.jpg\" alt=\"\" width=\"2560\" height=\"1440\" srcset=\"https:\/\/pzw-szczawnica.pl\/wp-content\/uploads\/2019\/06\/20190623_163459.jpg 2560w, https:\/\/pzw-szczawnica.pl\/wp-content\/uploads\/2019\/06\/20190623_163459-300x169.jpg 300w, https:\/\/pzw-szczawnica.pl\/wp-content\/uploads\/2019\/06\/20190623_163459-768x432.jpg 768w, https:\/\/pzw-szczawnica.pl\/wp-content\/uploads\/2019\/06\/20190623_163459-1024x576.jpg 1024w, https:\/\/pzw-szczawnica.pl\/wp-content\/uploads\/2019\/06\/20190623_163459-624x351.jpg 624w\" sizes=\"auto, (max-width: 2560px) 100vw, 2560px\" \/><\/p>\n<p>Za podium znale\u017ali si\u0119:<\/p>\n<p>IV &#8211; Andrzej Mruk 2700 pkt<\/p>\n<p><img loading=\"lazy\" decoding=\"async\" class=\"alignnone wp-image-191 size-full\" src=\"https:\/\/pzw-szczawnica.pl\/wp-content\/uploads\/2019\/06\/20190623_163053.jpg\" alt=\"\" width=\"2560\" height=\"1440\" srcset=\"https:\/\/pzw-szczawnica.pl\/wp-content\/uploads\/2019\/06\/20190623_163053.jpg 2560w, https:\/\/pzw-szczawnica.pl\/wp-content\/uploads\/2019\/06\/20190623_163053-300x169.jpg 300w, https:\/\/pzw-szczawnica.pl\/wp-content\/uploads\/2019\/06\/20190623_163053-768x432.jpg 768w, https:\/\/pzw-szczawnica.pl\/wp-content\/uploads\/2019\/06\/20190623_163053-1024x576.jpg 1024w, https:\/\/pzw-szczawnica.pl\/wp-content\/uploads\/2019\/06\/20190623_163053-624x351.jpg 624w\" sizes=\"auto, (max-width: 2560px) 100vw, 2560px\" \/><\/p>\n<p>V miejsce &#8211; Anna Krupa 400 pkt<\/p>\n<p>VI miejsce &#8211; Andrzej Kurnyta 210 pkt<\/p>\n<p>VII miejsce &#8211; Wojciech Krupa 200 pkt<\/p>\n<p>VIII miejsce &#8211; Andrzej R\u00f3g 140 pkt<\/p>\n<p>&nbsp;<\/p>\n<p><img loading=\"lazy\" decoding=\"async\" class=\"alignnone wp-image-192 size-full\" src=\"https:\/\/pzw-szczawnica.pl\/wp-content\/uploads\/2019\/06\/20190623_163418.jpg\" alt=\"\" width=\"2560\" height=\"1440\" srcset=\"https:\/\/pzw-szczawnica.pl\/wp-content\/uploads\/2019\/06\/20190623_163418.jpg 2560w, https:\/\/pzw-szczawnica.pl\/wp-content\/uploads\/2019\/06\/20190623_163418-300x169.jpg 300w, https:\/\/pzw-szczawnica.pl\/wp-content\/uploads\/2019\/06\/20190623_163418-768x432.jpg 768w, https:\/\/pzw-szczawnica.pl\/wp-content\/uploads\/2019\/06\/20190623_163418-1024x576.jpg 1024w, https:\/\/pzw-szczawnica.pl\/wp-content\/uploads\/2019\/06\/20190623_163418-624x351.jpg 624w\" sizes=\"auto, (max-width: 2560px) 100vw, 2560px\" \/> <img loading=\"lazy\" decoding=\"async\" class=\"alignnone wp-image-193 size-full\" src=\"https:\/\/pzw-szczawnica.pl\/wp-content\/uploads\/2019\/06\/IMG_20190623_163430_BURST001_COVER.jpg\" alt=\"\" width=\"3264\" height=\"2448\" srcset=\"https:\/\/pzw-szczawnica.pl\/wp-content\/uploads\/2019\/06\/IMG_20190623_163430_BURST001_COVER.jpg 3264w, https:\/\/pzw-szczawnica.pl\/wp-content\/uploads\/2019\/06\/IMG_20190623_163430_BURST001_COVER-300x225.jpg 300w, https:\/\/pzw-szczawnica.pl\/wp-content\/uploads\/2019\/06\/IMG_20190623_163430_BURST001_COVER-768x576.jpg 768w, https:\/\/pzw-szczawnica.pl\/wp-content\/uploads\/2019\/06\/IMG_20190623_163430_BURST001_COVER-1024x768.jpg 1024w, https:\/\/pzw-szczawnica.pl\/wp-content\/uploads\/2019\/06\/IMG_20190623_163430_BURST001_COVER-624x468.jpg 624w\" sizes=\"auto, (max-width: 3264px) 100vw, 3264px\" \/><\/p>\n<p>Serdecznie zapraszamy na nast\u0119pne zawody.<\/p>\n","protected":false},"excerpt":{"rendered":"<p>23 czerwca 2019 na Stawach Ko\u0142a nr 33 w Starym S\u0105czu odby\u0142y si\u0119 Gruntowe Mistrzostwa Ko\u0142a. Zawody rozpocz\u0119\u0142y si\u0119 o godzinie \u00f3smej rano. Po wylosowaniu stanowisk, w\u0119dkarze rozpocz\u0119li swoje zmagania. Pogoda dopisywa\u0142a i ryby te\u017c &#8211; w zale\u017cno\u015bci od miejsca. Na stanowisku numer 3 ryb by\u0142o, a\u017c nadto i kolega Marek nie m\u00f3g\u0142 nad\u0105\u017cy\u0107. \u0141owienie [&hellip;]<\/p>\n","protected":false},"author":1,"featured_media":0,"parent":273,"menu_order":17,"comment_status":"closed","ping_status":"closed","template":"","meta":{"footnotes":""},"class_list":["post-174","page","type-page","status-publish","hentry"],"_links":{"self":[{"href":"https:\/\/pzw-szczawnica.pl\/index.php\/wp-json\/wp\/v2\/pages\/174","targetHints":{"allow":["GET"]}}],"collection":[{"href":"https:\/\/pzw-szczawnica.pl\/index.php\/wp-json\/wp\/v2\/pages"}],"about":[{"href":"https:\/\/pzw-szczawnica.pl\/index.php\/wp-json\/wp\/v2\/types\/page"}],"author":[{"embeddable":true,"href":"https:\/\/pzw-szczawnica.pl\/index.php\/wp-json\/wp\/v2\/users\/1"}],"replies":[{"embeddable":true,"href":"https:\/\/pzw-szczawnica.pl\/index.php\/wp-json\/wp\/v2\/comments?post=174"}],"version-history":[{"count":2,"href":"https:\/\/pzw-szczawnica.pl\/index.php\/wp-json\/wp\/v2\/pages\/174\/revisions"}],"predecessor-version":[{"id":196,"href":"https:\/\/pzw-szczawnica.pl\/index.php\/wp-json\/wp\/v2\/pages\/174\/revisions\/196"}],"up":[{"embeddable":true,"href":"https:\/\/pzw-szczawnica.pl\/index.php\/wp-json\/wp\/v2\/pages\/273"}],"wp:attachment":[{"href":"https:\/\/pzw-szczawnica.pl\/index.php\/wp-json\/wp\/v2\/media?parent=174"}],"curies":[{"name":"wp","href":"https:\/\/api.w.org\/{rel}","templated":true}]}}