{"id":198,"date":"2019-07-08T18:27:56","date_gmt":"2019-07-08T18:27:56","guid":{"rendered":"http:\/\/pzw-szczawnica.pl\/?page_id=198"},"modified":"2020-02-10T17:44:51","modified_gmt":"2020-02-10T17:44:51","slug":"wyniki-zawodow-im-stanislawa-weglarza","status":"publish","type":"page","link":"https:\/\/pzw-szczawnica.pl\/index.php\/archiwum\/2019-2\/wyniki-zawodow-im-stanislawa-weglarza\/","title":{"rendered":"Wyniki Zawod\u00f3w im. Stanis\u0142awa W\u0119glarza"},"content":{"rendered":"<p>29 czerwca 2019 roku odby\u0142y si\u0119 zawody im. Stanis\u0142awa W\u0119glarza. Miejscem \u0142owienia by\u0142 Odcinek Specjalny , a metoda to sucha mucha.<\/p>\n<p><img loading=\"lazy\" decoding=\"async\" class=\"alignnone wp-image-199 size-full\" src=\"https:\/\/pzw-szczawnica.pl\/wp-content\/uploads\/2019\/07\/20190629_194045.jpg\" alt=\"\" width=\"2560\" height=\"1440\" srcset=\"https:\/\/pzw-szczawnica.pl\/wp-content\/uploads\/2019\/07\/20190629_194045.jpg 2560w, https:\/\/pzw-szczawnica.pl\/wp-content\/uploads\/2019\/07\/20190629_194045-300x169.jpg 300w, https:\/\/pzw-szczawnica.pl\/wp-content\/uploads\/2019\/07\/20190629_194045-768x432.jpg 768w, https:\/\/pzw-szczawnica.pl\/wp-content\/uploads\/2019\/07\/20190629_194045-1024x576.jpg 1024w, https:\/\/pzw-szczawnica.pl\/wp-content\/uploads\/2019\/07\/20190629_194045-624x351.jpg 624w\" sizes=\"auto, (max-width: 2560px) 100vw, 2560px\" \/><\/p>\n<p>Te zawody wygrywa si\u0119 \u0142owi\u0105c najwi\u0119ksz\u0105 ryb\u0119. Tym razem szcz\u0119\u015bliwcem zosta\u0142 <strong>Janusz Krupa<\/strong> \u0142owi\u0105c pstr\u0105ga t\u0119czowego na <strong>66 cm.<\/strong><\/p>\n<p><img loading=\"lazy\" decoding=\"async\" class=\"wp-image-201 size-full aligncenter\" src=\"https:\/\/pzw-szczawnica.pl\/wp-content\/uploads\/2019\/07\/cid_7221.jpg\" alt=\"\" width=\"364\" height=\"485\" srcset=\"https:\/\/pzw-szczawnica.pl\/wp-content\/uploads\/2019\/07\/cid_7221.jpg 364w, https:\/\/pzw-szczawnica.pl\/wp-content\/uploads\/2019\/07\/cid_7221-225x300.jpg 225w\" sizes=\"auto, (max-width: 364px) 100vw, 364px\" \/><\/p>\n<p>Drugie miejsce przypad\u0142o <strong>Markowi Krupie.<\/strong> Jemu uda\u0142o si\u0119 wyci\u0105gn\u0105\u0107 pstr\u0105ga potokowego na 48 cm.<\/p>\n<p>Trzeci by\u0142 <strong>Andrzej Ciesielka<\/strong>, u niego w podbieraku zameldowa\u0142 si\u0119 pstr\u0105g potokowy na 33 cm.<\/p>\n<p>Natomiast tu\u017c za podium znalaz\u0142 si\u0119 Krzysztof Ciesielka, dzi\u0119ki z\u0142owionemu pstr\u0105gowi potokowemu na 30,5 cm.<\/p>\n<p><img loading=\"lazy\" decoding=\"async\" class=\"alignnone wp-image-204 size-full\" src=\"https:\/\/pzw-szczawnica.pl\/wp-content\/uploads\/2019\/07\/20190629_203428.jpg\" alt=\"\" width=\"2560\" height=\"1440\" srcset=\"https:\/\/pzw-szczawnica.pl\/wp-content\/uploads\/2019\/07\/20190629_203428.jpg 2560w, https:\/\/pzw-szczawnica.pl\/wp-content\/uploads\/2019\/07\/20190629_203428-300x169.jpg 300w, https:\/\/pzw-szczawnica.pl\/wp-content\/uploads\/2019\/07\/20190629_203428-768x432.jpg 768w, https:\/\/pzw-szczawnica.pl\/wp-content\/uploads\/2019\/07\/20190629_203428-1024x576.jpg 1024w, https:\/\/pzw-szczawnica.pl\/wp-content\/uploads\/2019\/07\/20190629_203428-624x351.jpg 624w\" sizes=\"auto, (max-width: 2560px) 100vw, 2560px\" \/><\/p>\n<p><img loading=\"lazy\" decoding=\"async\" class=\"alignnone wp-image-202 size-full\" src=\"https:\/\/pzw-szczawnica.pl\/wp-content\/uploads\/2019\/07\/20190629_203508.jpg\" alt=\"\" width=\"2560\" height=\"1440\" srcset=\"https:\/\/pzw-szczawnica.pl\/wp-content\/uploads\/2019\/07\/20190629_203508.jpg 2560w, https:\/\/pzw-szczawnica.pl\/wp-content\/uploads\/2019\/07\/20190629_203508-300x169.jpg 300w, https:\/\/pzw-szczawnica.pl\/wp-content\/uploads\/2019\/07\/20190629_203508-768x432.jpg 768w, https:\/\/pzw-szczawnica.pl\/wp-content\/uploads\/2019\/07\/20190629_203508-1024x576.jpg 1024w, https:\/\/pzw-szczawnica.pl\/wp-content\/uploads\/2019\/07\/20190629_203508-624x351.jpg 624w\" sizes=\"auto, (max-width: 2560px) 100vw, 2560px\" \/><\/p>\n<p>Zawody zako\u0144czy\u0142y si\u0119 p\u00f3\u017anym wieczorem przy kie\u0142basie.<\/p>\n<p><img loading=\"lazy\" decoding=\"async\" class=\"alignnone wp-image-207 size-full\" src=\"https:\/\/pzw-szczawnica.pl\/wp-content\/uploads\/2019\/07\/20190629_201743-1.jpg\" alt=\"\" width=\"2334\" height=\"1440\" srcset=\"https:\/\/pzw-szczawnica.pl\/wp-content\/uploads\/2019\/07\/20190629_201743-1.jpg 2334w, https:\/\/pzw-szczawnica.pl\/wp-content\/uploads\/2019\/07\/20190629_201743-1-300x185.jpg 300w, https:\/\/pzw-szczawnica.pl\/wp-content\/uploads\/2019\/07\/20190629_201743-1-768x474.jpg 768w, https:\/\/pzw-szczawnica.pl\/wp-content\/uploads\/2019\/07\/20190629_201743-1-1024x632.jpg 1024w, https:\/\/pzw-szczawnica.pl\/wp-content\/uploads\/2019\/07\/20190629_201743-1-624x385.jpg 624w\" sizes=\"auto, (max-width: 2334px) 100vw, 2334px\" \/> <img loading=\"lazy\" decoding=\"async\" class=\"alignnone wp-image-208 size-full\" src=\"https:\/\/pzw-szczawnica.pl\/wp-content\/uploads\/2019\/07\/20190629_201726-1.jpg\" alt=\"\" width=\"2328\" height=\"1440\" srcset=\"https:\/\/pzw-szczawnica.pl\/wp-content\/uploads\/2019\/07\/20190629_201726-1.jpg 2328w, https:\/\/pzw-szczawnica.pl\/wp-content\/uploads\/2019\/07\/20190629_201726-1-300x186.jpg 300w, https:\/\/pzw-szczawnica.pl\/wp-content\/uploads\/2019\/07\/20190629_201726-1-768x475.jpg 768w, https:\/\/pzw-szczawnica.pl\/wp-content\/uploads\/2019\/07\/20190629_201726-1-1024x633.jpg 1024w, https:\/\/pzw-szczawnica.pl\/wp-content\/uploads\/2019\/07\/20190629_201726-1-624x386.jpg 624w\" sizes=\"auto, (max-width: 2328px) 100vw, 2328px\" \/><\/p>\n","protected":false},"excerpt":{"rendered":"<p>29 czerwca 2019 roku odby\u0142y si\u0119 zawody im. Stanis\u0142awa W\u0119glarza. Miejscem \u0142owienia by\u0142 Odcinek Specjalny , a metoda to sucha mucha. Te zawody wygrywa si\u0119 \u0142owi\u0105c najwi\u0119ksz\u0105 ryb\u0119. Tym razem szcz\u0119\u015bliwcem zosta\u0142 Janusz Krupa \u0142owi\u0105c pstr\u0105ga t\u0119czowego na 66 cm. Drugie miejsce przypad\u0142o Markowi Krupie. Jemu uda\u0142o si\u0119 wyci\u0105gn\u0105\u0107 pstr\u0105ga potokowego na 48 cm. Trzeci [&hellip;]<\/p>\n","protected":false},"author":1,"featured_media":0,"parent":273,"menu_order":16,"comment_status":"closed","ping_status":"closed","template":"","meta":{"footnotes":""},"class_list":["post-198","page","type-page","status-publish","hentry"],"_links":{"self":[{"href":"https:\/\/pzw-szczawnica.pl\/index.php\/wp-json\/wp\/v2\/pages\/198","targetHints":{"allow":["GET"]}}],"collection":[{"href":"https:\/\/pzw-szczawnica.pl\/index.php\/wp-json\/wp\/v2\/pages"}],"about":[{"href":"https:\/\/pzw-szczawnica.pl\/index.php\/wp-json\/wp\/v2\/types\/page"}],"author":[{"embeddable":true,"href":"https:\/\/pzw-szczawnica.pl\/index.php\/wp-json\/wp\/v2\/users\/1"}],"replies":[{"embeddable":true,"href":"https:\/\/pzw-szczawnica.pl\/index.php\/wp-json\/wp\/v2\/comments?post=198"}],"version-history":[{"count":5,"href":"https:\/\/pzw-szczawnica.pl\/index.php\/wp-json\/wp\/v2\/pages\/198\/revisions"}],"predecessor-version":[{"id":213,"href":"https:\/\/pzw-szczawnica.pl\/index.php\/wp-json\/wp\/v2\/pages\/198\/revisions\/213"}],"up":[{"embeddable":true,"href":"https:\/\/pzw-szczawnica.pl\/index.php\/wp-json\/wp\/v2\/pages\/273"}],"wp:attachment":[{"href":"https:\/\/pzw-szczawnica.pl\/index.php\/wp-json\/wp\/v2\/media?parent=198"}],"curies":[{"name":"wp","href":"https:\/\/api.w.org\/{rel}","templated":true}]}}