{"id":33,"date":"2019-01-06T21:04:53","date_gmt":"2019-01-06T21:04:53","guid":{"rendered":"http:\/\/pzw-szczawnica.pl\/?page_id=33"},"modified":"2020-03-05T08:32:17","modified_gmt":"2020-03-05T08:32:17","slug":"preliminarz-zawodow-na-2019-rok","status":"publish","type":"page","link":"https:\/\/pzw-szczawnica.pl\/index.php\/preliminarz-zawodow-na-2019-rok\/","title":{"rendered":"Preliminarz zawod\u00f3w"},"content":{"rendered":"<p><strong>Preliminarz zawod\u00f3w w\u0119dkarskich na rok 2020<\/strong><\/p>\n<ol>\n<li>Podlodowe Mistrzostwa Ko\u0142a<\/li>\n<li>Muchowe Mistrzostwa Ko\u0142a &#8211; OS Dunajec &#8211; 19.04<\/li>\n<li>Sp\u0142awikowe Mistrzostwa Ko\u0142a<\/li>\n<li>Spinningowe Mistrzostwa Ko\u0142a &#8211; Jezioro Czorszty\u0144skie, Zatoka Kluszkowce &#8211; 10.05<\/li>\n<li>Zawody muchowe im. Stanis\u0142awa W\u0119glarza &#8211; OS Dunajec<\/li>\n<li>Gruntowe Mistrzostwa Ko\u0142a &#8211; feeder<\/li>\n<li>Memoria\u0142 im. Kol. Andrzeja Kurnyty (sp\u0142awikowe)\u00a0 Stawy Stad\u0142a, Stary S\u0105cz &#8211; 23.05<\/li>\n<li>Zawody Muchowe o Puchar Prezesa<\/li>\n<li>Zawody im. A. Malinowskiego (muchowe) OS Dunajec<\/li>\n<\/ol>\n<p>Konkretne daty zawod\u00f3w b\u0119d\u0105 podawane na bie\u017c\u0105co na stronie internetowej.<\/p>\n","protected":false},"excerpt":{"rendered":"<p>Preliminarz zawod\u00f3w w\u0119dkarskich na rok 2020 Podlodowe Mistrzostwa Ko\u0142a Muchowe Mistrzostwa Ko\u0142a &#8211; OS Dunajec &#8211; 19.04 Sp\u0142awikowe Mistrzostwa Ko\u0142a Spinningowe Mistrzostwa Ko\u0142a &#8211; Jezioro Czorszty\u0144skie, Zatoka Kluszkowce &#8211; 10.05 Zawody muchowe im. Stanis\u0142awa W\u0119glarza &#8211; OS Dunajec Gruntowe Mistrzostwa Ko\u0142a &#8211; feeder Memoria\u0142 im. Kol. Andrzeja Kurnyty (sp\u0142awikowe)\u00a0 Stawy Stad\u0142a, Stary S\u0105cz &#8211; 23.05 [&hellip;]<\/p>\n","protected":false},"author":1,"featured_media":0,"parent":0,"menu_order":2,"comment_status":"closed","ping_status":"closed","template":"","meta":{"footnotes":""},"class_list":["post-33","page","type-page","status-publish","hentry"],"_links":{"self":[{"href":"https:\/\/pzw-szczawnica.pl\/index.php\/wp-json\/wp\/v2\/pages\/33","targetHints":{"allow":["GET"]}}],"collection":[{"href":"https:\/\/pzw-szczawnica.pl\/index.php\/wp-json\/wp\/v2\/pages"}],"about":[{"href":"https:\/\/pzw-szczawnica.pl\/index.php\/wp-json\/wp\/v2\/types\/page"}],"author":[{"embeddable":true,"href":"https:\/\/pzw-szczawnica.pl\/index.php\/wp-json\/wp\/v2\/users\/1"}],"replies":[{"embeddable":true,"href":"https:\/\/pzw-szczawnica.pl\/index.php\/wp-json\/wp\/v2\/comments?post=33"}],"version-history":[{"count":19,"href":"https:\/\/pzw-szczawnica.pl\/index.php\/wp-json\/wp\/v2\/pages\/33\/revisions"}],"predecessor-version":[{"id":284,"href":"https:\/\/pzw-szczawnica.pl\/index.php\/wp-json\/wp\/v2\/pages\/33\/revisions\/284"}],"wp:attachment":[{"href":"https:\/\/pzw-szczawnica.pl\/index.php\/wp-json\/wp\/v2\/media?parent=33"}],"curies":[{"name":"wp","href":"https:\/\/api.w.org\/{rel}","templated":true}]}}